the prime factors of 3210611?
163, 19697
List the prime factors of 204814.
2, 102407
List the prime factors of 14444145.
3, 5, 73, 4397
List the prime factors of 19133932.
2, 71, 89, 757
List the prime factors of 21443326.
2, 43, 249341
What are the prime factors of 8206309?
19, 431911
What are the prime factors of 2252630?
2, 5, 225263
What are the prime factors of 379272?
2, 3, 15803
What are the prime factors of 12932462?
2, 37, 174763
What are the prime factors of 4180088?
2, 11, 47501
List the prime factors of 2922629.
1303, 2243
What are the prime factors of 3346281?
3, 29, 12821
What are the prime factors of 4567756?
2, 73, 15643
What are the prime factors of 903597?
3, 53, 5683
List the prime factors of 82278.
2, 3, 7, 653
What are the prime factors of 569383?
439, 1297
What are the prime factors of 1200975?
3, 5, 67, 239
What are the prime factors of 4949444?
2, 127, 9743
List the prime factors of 1686107.
23, 73309
List the prime factors of 6332278.
2, 131, 24169
What are the prime factors of 46498?
2, 67, 347
What are the prime factors of 1188823?
151, 7873
What are the prime factors of 206255?
5, 7, 71, 83
What are the prime factors of 354545?
5, 23, 3083
List the prime factors of 1265018.
2, 61, 10369
What are the prime factors of 2390866?
2, 37, 32309
List the prime factors of 154936.
2, 107, 181
What are the prime factors of 2478429?
3, 113, 2437
What are the prime factors of 1546439?
17, 5351
What are the prime factors of 8292418?
2, 1013, 4093
List the prime factors of 1048529.
61, 17189
List the prime factors of 1519107.
3, 19, 29, 919
What are the prime factors of 13936362?
2, 3, 11, 17, 12421
What are the prime factors of 9836728?
2, 11, 111781
What are the prime factors of 8500897?
59, 149, 967
List the prime factors of 5886526.
2, 83, 35461
What are the prime factors of 293919?
3, 97973
What are the prime factors of 992931?
3, 29, 101, 113
What are the prime factors of 641217?
3, 23, 9293
List the prime factors of 330707.
13, 25439
What are the prime factors of 899016?
2, 3, 47, 797
List the prime factors of 219372.
2, 3, 101, 181
What are the prime factors of 342673?
342673
List the prime factors of 3548472.
2, 3, 147853
List the prime factors of 5583282.
2, 3, 930547
List the prime factors of 10084.
2, 2521
What are the prime factors of 644730?
2, 3, 5, 21491
What are the prime factors of 2419024?
2, 151189
List the prime factors of 1619986.
2, 809993
What are the prime factors of 916505?
5, 183301
What are the prime factors of 9299582?
2, 197, 23603
List the prime factors of 4620534.
2, 3, 19, 40531
List the prime factors of 14929982.
2, 251, 29741
What are the prime factors of 6837040?
2, 5, 7, 29, 421
What are the prime factors of 273443?
97, 2819
What are the prime factors of 356996?
2, 31, 2879
What are the prime factors of 6071961?
3, 7, 289141
What are the prime factors of 4139781?
3, 691, 1997
List the prime factors of 323455.
5, 11, 5881
What are the prime factors of 500455?
5, 101, 991
List the prime factors of 3450487.
3450487
What are the prime factors of 3158245?
5, 23, 29, 947
List the prime factors of 534121.
7, 76303
What are the prime factors of 660919?
7, 263, 359
What are the prime factors of 629065?
5, 125813
List the prime factors of 2728975.
5, 109159
What are the prime factors of 1272767?
31, 41057
What are the prime factors of 3294811?
13, 253447
What are the prime factors of 54497?
54497
What are the prime factors of 2553381?
3, 53, 101
What are the prime factors of 1285576?
2, 160697
What are the prime factors of 323648?
2, 13, 389
What are the prime factors of 1493542?
2, 37, 20183
List the prime factors of 11213.
11213
List the prime factors of 84296.
2, 41, 257
What are the prime factors of 224208?
2, 3, 173
What are the prime factors of 47712?
2, 3, 7, 71
What are the prime factors of 4332203?
4332203
What are the prime factors of 9171654?
2, 3, 1528609
List the prime factors of 2513139.
3, 31, 61, 443
What are the prime factors of 1184473?
1184473
List the prime factors of 4546348.
2, 1136587
List the prime factors of 1108946.
2, 191, 2903
List the prime factors of 18129297.
3, 37, 163327
What are the prime factors of 8226291?
3, 991, 2767
What are the prime factors of 13364619?
3, 19, 234467
What are the prime factors of 437553?
3, 61, 797
List the prime factors of 1146914.
2, 573457
List the prime factors of 976119.
3, 331, 983
What are the prime factors of 2770545?
3, 5, 184703
List the prime factors of 25033480.
2, 5, 625837
List the prime factors of 2841934.
2, 1420967
List the prime factors of 7356910.
2, 5, 11, 47, 1423
List the prime factors of 16239199.
17, 83, 677
What are the prime factors of 182626?
2, 127, 719
List the prime factors of 17578549.
563, 31223
What are the prime factors of 442400?
2, 5, 7, 79
List the prime factors of 4482339.
3, 17, 179, 491
List the prime factors of 235920.
2, 3, 5, 983
List the prime factors of 36048.
2, 3, 751
List the prime factors of 1854695.
5, 29, 12791
What are the prime factors of 279549?
3, 89, 349
What are the prime factors of 291542?
2, 145771
List the prime factors of 764618.
2, 443, 863
What are the prime factors of 107864?
2, 97, 139
List the prime factors of 465261.
3, 155087
List the prime factors of 649940.
2, 5, 32497
List the prime factors of 382394.
2, 19, 29, 347
What are the prime factors of 120325?
5, 4813
What are the prime factors of 2771670?
2, 3, 5, 11, 37, 227
List the prime factors of 73192.
2, 7, 1307
List the prime factors of 99251.
99251
List the prime factors of 21347831.
1429, 14939
List the prime factors of 398535.
3, 5, 163
What are the prime factors of 183609?
3, 23, 887
List the prime factors of 467688.
2, 3, 13, 1499
List the prime factors of 82234.
2, 41117
What are the prime factors of 21403120?
2, 5, 19, 14081
List the prime factors of 1149828.
2, 3, 95819
List the prime factors of 201374.
2, 107, 941
List the prime factors of 1383296.
2, 101, 107
List the prime factors of 473636.
2, 118409
What are the prime factors of 1353368?
2, 167, 1013
List the prime factors of 209388.
2, 3, 17449
List the prime factors of 47929.
7, 41, 167
List the prime factors of 376916.
2, 94229
List the prime factors of 282626.
2, 251, 563
List the prime factors of 565552.
2, 13, 2719
List the prime factors of 621317.
621317
What are the prime factors of 4094274?
2, 3, 131, 5209
List the prime factors of 23006369.
23006369
What are the prime factors of 392253?
3, 53, 2467
What are the prime factors of 270421?
270421
What are the prime factors of 221169?
3, 13, 53, 107
What are the prime factors of 206883?
3, 127, 181
What are the prime factors of 3436603?
43, 229, 349
What are the prime factors of 1248491?
37, 41, 823
List the prime factors of 672750.
2, 3, 5, 13, 23
What are the prime factors of 911769?
3, 313, 971
What are the prime factors of 40224?
2, 3, 419
What are the prime factors of 463479?
3, 154493
What are the prime factors of 1985191?
13, 79, 1933
List the prime factors of 7211895.
3, 5, 167, 2879
List the prime factors of 65945.
5, 11, 109
What are the prime factors of 4303299?
3, 7, 11, 13, 1433
What are the prime factors of 808463?
337, 2399
What are the prime factors of 254347?
53, 4799
What are the prime factors of 143019?
3, 5297
What are the prime factors of 34938?
2, 3, 647
What are the prime factors of 22636141?
11, 41, 53, 947
What are the prime factors of 31721?
31721
What are the prime factors of 923402?
2, 41, 11261
What are the prime factors of 200887?
19, 97, 109
List the prime factors of 327532.
2, 81883
What are the prime factors of 495945?
3, 5, 103, 107
List the prime factors of 399360.
2, 3, 5, 13
List the prime factors of 2225886.
2, 3, 13, 28537
What are the prime factors of 15417090?
2, 3, 5, 13, 13177
What are the prime factors of 514655?
5, 102931
List the prime factors of 312443.
17, 18379
List the prime factors of 829392.
2, 3, 37, 467
What are the prime factors of 944073?
3, 13, 8069
What are the prime factors of 1692100?
2, 5, 16921
List the prime factors of 1710136.
2, 241, 887
What are the prime factors of 876981?
3, 7, 41761
What are the prime factors of 266389?
487, 547
What are the prime factors of 223445?
5, 23, 29, 67
What are the prime factors of 20539776?
2, 3, 89, 601
Wh